{"id":444,"date":"2025-02-26T11:21:11","date_gmt":"2025-02-26T11:21:11","guid":{"rendered":"http:\/\/wekre.org\/?page_id=444"},"modified":"2025-02-28T14:29:53","modified_gmt":"2025-02-28T14:29:53","slug":"%e2%81%a0fonapombf","status":"publish","type":"page","link":"https:\/\/wekre.org\/?page_id=444","title":{"rendered":"\u2060FONAPOMBF"},"content":{"rendered":"\t\t<div data-elementor-type=\"wp-page\" data-elementor-id=\"444\" class=\"elementor elementor-444\">\n\t\t\t\t<div class=\"elementor-element elementor-element-1bf7a11 e-flex e-con-boxed e-con e-parent\" data-id=\"1bf7a11\" data-element_type=\"container\" data-settings=\"{&quot;background_background&quot;:&quot;classic&quot;}\">\n\t\t\t\t\t<div class=\"e-con-inner\">\n\t\t\t\t<div class=\"elementor-element elementor-element-4c56618 elementor-widget elementor-widget-image\" data-id=\"4c56618\" data-element_type=\"widget\" data-widget_type=\"image.default\">\n\t\t\t\t<div class=\"elementor-widget-container\">\n\t\t\t\t\t\t\t\t\t\t\t\t\t\t\t<img fetchpriority=\"high\" decoding=\"async\" width=\"1600\" height=\"582\" src=\"https:\/\/wekre.org\/wp-content\/uploads\/2025\/02\/476341384_635429802334264_2807008664564614771_n.jpg\" class=\"attachment-full size-full wp-image-610\" alt=\"\" srcset=\"https:\/\/wekre.org\/wp-content\/uploads\/2025\/02\/476341384_635429802334264_2807008664564614771_n.jpg 1600w, https:\/\/wekre.org\/wp-content\/uploads\/2025\/02\/476341384_635429802334264_2807008664564614771_n-1024x372.jpg 1024w, https:\/\/wekre.org\/wp-content\/uploads\/2025\/02\/476341384_635429802334264_2807008664564614771_n-768x279.jpg 768w, https:\/\/wekre.org\/wp-content\/uploads\/2025\/02\/476341384_635429802334264_2807008664564614771_n-600x218.jpg 600w\" sizes=\"(max-width: 1600px) 100vw, 1600px\" \/>\t\t\t\t\t\t\t\t\t\t\t\t\t\t\t<\/div>\n\t\t\t\t<\/div>\n\t\t\t\t<div class=\"elementor-element elementor-element-b71921f elementor-widget elementor-widget-video\" data-id=\"b71921f\" data-element_type=\"widget\" data-settings=\"{&quot;video_type&quot;:&quot;hosted&quot;,&quot;autoplay&quot;:&quot;yes&quot;,&quot;loop&quot;:&quot;yes&quot;,&quot;controls&quot;:&quot;yes&quot;}\" data-widget_type=\"video.default\">\n\t\t\t\t<div class=\"elementor-widget-container\">\n\t\t\t\t\t\t\t<div class=\"e-hosted-video elementor-wrapper elementor-open-inline\">\n\t\t\t\t\t<video class=\"elementor-video\" src=\"http:\/\/wekre.org\/wp-content\/uploads\/2025\/02\/WhatsApp-Video-2025-02-26-at-08.42.30.mp4\" autoplay=\"\" loop=\"\" controls=\"\" controlsList=\"nodownload\"><\/video>\n\t\t\t\t<\/div>\n\t\t\t\t\t\t<\/div>\n\t\t\t\t<\/div>\n\t\t\t\t<div class=\"elementor-element elementor-element-7c6037a elementor-widget elementor-widget-heading\" data-id=\"7c6037a\" data-element_type=\"widget\" data-widget_type=\"heading.default\">\n\t\t\t\t<div class=\"elementor-widget-container\">\n\t\t\t\t\t<h2 class=\"elementor-heading-title elementor-size-default\">Foire Nationale Pomme de terre<\/h2>\t\t\t\t<\/div>\n\t\t\t\t<\/div>\n\t\t\t\t\t<\/div>\n\t\t\t\t<\/div>\n\t\t<div class=\"elementor-element elementor-element-94aaecf e-flex e-con-boxed e-con e-parent\" data-id=\"94aaecf\" data-element_type=\"container\">\n\t\t\t\t\t<div class=\"e-con-inner\">\n\t\t<div class=\"elementor-element elementor-element-2df4e3a e-con-full e-flex e-con e-child\" data-id=\"2df4e3a\" data-element_type=\"container\">\n\t\t\t\t<div class=\"elementor-element elementor-element-d1a850b elementor-widget elementor-widget-image\" data-id=\"d1a850b\" data-element_type=\"widget\" data-widget_type=\"image.default\">\n\t\t\t\t<div class=\"elementor-widget-container\">\n\t\t\t\t\t\t\t\t\t\t\t\t\t\t\t<img decoding=\"async\" width=\"900\" height=\"875\" src=\"https:\/\/wekre.org\/wp-content\/uploads\/2025\/02\/WhatsApp-Image-2025-02-28-at-13.53.38-1024x996.jpeg\" class=\"attachment-large size-large wp-image-609\" alt=\"\" srcset=\"https:\/\/wekre.org\/wp-content\/uploads\/2025\/02\/WhatsApp-Image-2025-02-28-at-13.53.38-1024x996.jpeg 1024w, https:\/\/wekre.org\/wp-content\/uploads\/2025\/02\/WhatsApp-Image-2025-02-28-at-13.53.38-768x747.jpeg 768w, https:\/\/wekre.org\/wp-content\/uploads\/2025\/02\/WhatsApp-Image-2025-02-28-at-13.53.38-600x584.jpeg 600w, https:\/\/wekre.org\/wp-content\/uploads\/2025\/02\/WhatsApp-Image-2025-02-28-at-13.53.38.jpeg 1600w\" sizes=\"(max-width: 900px) 100vw, 900px\" \/>\t\t\t\t\t\t\t\t\t\t\t\t\t\t\t<\/div>\n\t\t\t\t<\/div>\n\t\t\t\t<\/div>\n\t\t<div class=\"elementor-element elementor-element-89d881e e-con-full e-flex e-con e-child\" data-id=\"89d881e\" data-element_type=\"container\">\n\t\t\t\t<div class=\"elementor-element elementor-element-3e99930 elementor-widget elementor-widget-text-editor\" data-id=\"3e99930\" data-element_type=\"widget\" data-widget_type=\"text-editor.default\">\n\t\t\t\t<div class=\"elementor-widget-container\">\n\t\t\t\t\t\t\t\t\t<div class=\"xdj266r x11i5rnm xat24cr x1mh8g0r x1vvkbs x126k92a\"><div dir=\"auto\"><h3 data-start=\"466\" data-end=\"497\">FONAPOMBF<\/h3><p data-start=\"35\" data-end=\"464\">La <strong data-start=\"38\" data-end=\"111\">Foire Nationale de la Pomme de Terre du Burkina Faso (FONAPOMBF 2025)<\/strong> est un \u00e9v\u00e9nement majeur d\u00e9di\u00e9 \u00e0 la promotion et \u00e0 la commercialisation de la pomme de terre locale. Organis\u00e9e par <strong data-start=\"226\" data-end=\"280\">l\u2019Association WEKRE INNOVATION BURKINA FASO (WIBF)<\/strong> en partenariat avec la <strong data-start=\"304\" data-end=\"363\">Direction G\u00e9n\u00e9rale de la Promotion de l\u2019\u00c9conomie Rurale<\/strong>, cette foire se tiendra <strong data-start=\"388\" data-end=\"461\">du 27 f\u00e9vrier au 1er mars 2025 \u00e0 Ouagadougou, \u00e0 l\u2019espace VITRHO (ZAD)<\/strong>.<\/p><h3 data-start=\"466\" data-end=\"497\">Objectifs de la FONAPOMBF<\/h3><ul data-start=\"498\" data-end=\"736\"><li data-start=\"498\" data-end=\"583\">Soutenir les producteurs burkinab\u00e8 en facilitant l\u2019\u00e9coulement de leur production.<\/li><li data-start=\"584\" data-end=\"637\">Encourager la consommation locale et responsable.<\/li><li data-start=\"638\" data-end=\"736\">Offrir aux consommateurs des pommes de terre de qualit\u00e9 \u00e0 un prix attractif (<strong data-start=\"717\" data-end=\"732\">400 FCFA\/kg<\/strong>).<\/li><\/ul><h3 data-start=\"738\" data-end=\"766\">\u00a0<\/h3><\/div><\/div>\t\t\t\t\t\t\t\t<\/div>\n\t\t\t\t<\/div>\n\t\t\t\t<\/div>\n\t\t<div class=\"elementor-element elementor-element-29d3706 e-con-full e-flex e-con e-child\" data-id=\"29d3706\" data-element_type=\"container\">\n\t\t\t\t<div class=\"elementor-element elementor-element-79bdf88 elementor-widget elementor-widget-text-editor\" data-id=\"79bdf88\" data-element_type=\"widget\" data-widget_type=\"text-editor.default\">\n\t\t\t\t<div class=\"elementor-widget-container\">\n\t\t\t\t\t\t\t\t\t<h3 data-start=\"738\" data-end=\"766\">Activit\u00e9s au programme<\/h3><p data-start=\"767\" data-end=\"930\">\u2714 Vente directe de pommes de terre \u00e0 prix accessible<br data-start=\"819\" data-end=\"822\" \/>\u2714 Rencontres et \u00e9changes avec les producteurs<br data-start=\"867\" data-end=\"870\" \/>\u2714 Sensibilisation \u00e0 l\u2019importance de la consommation locale<\/p><h3 data-start=\"932\" data-end=\"964\">Commandez d\u00e8s maintenant !<\/h3><p data-start=\"965\" data-end=\"1106\">R\u00e9servez votre stock en remplissant le formulaire d\u00e9di\u00e9 et r\u00e9cup\u00e9rez vos commandes sur place. \ud83d\udccc <strong data-start=\"1062\" data-end=\"1103\">Paiement et retrait \u00e0 l\u2019espace VITRHO<\/strong>.<\/p><p data-start=\"1108\" data-end=\"1297\">En achetant local, vous contribuez au d\u00e9veloppement de l\u2019agriculture nationale et soutenez des milliers de producteurs burkinab\u00e8. <strong data-start=\"1238\" data-end=\"1295\">Consommons responsable, consommons burkinab\u00e8 ! \ud83c\udde7\ud83c\uddeb\ud83e\udd54<\/strong><\/p>\t\t\t\t\t\t\t\t<\/div>\n\t\t\t\t<\/div>\n\t\t\t\t<div class=\"elementor-element elementor-element-c96a5e9 elementor-widget elementor-widget-text-editor\" data-id=\"c96a5e9\" data-element_type=\"widget\" data-widget_type=\"text-editor.default\">\n\t\t\t\t<div class=\"elementor-widget-container\">\n\t\t\t\t\t\t\t\t\t<p>\ud83d\udce2 Stocks limit\u00e9s, passez votre commande d\u00e8s maintenant !<\/p>\t\t\t\t\t\t\t\t<\/div>\n\t\t\t\t<\/div>\n\t\t<div class=\"elementor-element elementor-element-6ac921b e-con-full hidden-style-1 e-flex e-con e-child\" data-id=\"6ac921b\" data-element_type=\"container\" data-settings=\"{&quot;background_background&quot;:&quot;classic&quot;}\">\n\t\t\t\t<div class=\"elementor-element elementor-element-be7fc8c elementor-view-framed elementor-position-left elementor-vertical-align-middle elementor-widget__width-auto icon-box-left elementor-shape-circle elementor-mobile-position-top elementor-widget elementor-widget-icon-box\" data-id=\"be7fc8c\" data-element_type=\"widget\" data-widget_type=\"icon-box.default\">\n\t\t\t\t<div class=\"elementor-widget-container\">\n\t\t\t\t\t\t\t<div class=\"elementor-icon-box-wrapper\">\n\n\t\t\t\t\t\t<div class=\"elementor-icon-box-icon\">\n\t\t\t\t<span  class=\"elementor-icon\">\n\t\t\t\t<i aria-hidden=\"true\" class=\"fas fa-phone-alt\"><\/i>\t\t\t\t<\/span>\n\t\t\t<\/div>\n\t\t\t\n\t\t\t\t\t\t<div class=\"elementor-icon-box-content\">\n\n\t\t\t\t\n\t\t\t\t\t\t\t\t\t<p class=\"elementor-icon-box-description\">\n\t\t\t\t\t\t+226 78 84 86 24\t\t\t\t\t<\/p>\n\t\t\t\t\n\t\t\t<\/div>\n\t\t\t\n\t\t<\/div>\n\t\t\t\t\t\t<\/div>\n\t\t\t\t<\/div>\n\t\t\t\t<div class=\"elementor-element elementor-element-839f9b2 elementor-view-framed elementor-position-left elementor-vertical-align-middle elementor-widget__width-auto icon-box-left elementor-shape-circle elementor-mobile-position-top elementor-widget elementor-widget-icon-box\" data-id=\"839f9b2\" data-element_type=\"widget\" data-widget_type=\"icon-box.default\">\n\t\t\t\t<div class=\"elementor-widget-container\">\n\t\t\t\t\t\t\t<div class=\"elementor-icon-box-wrapper\">\n\n\t\t\t\t\t\t<div class=\"elementor-icon-box-icon\">\n\t\t\t\t<span  class=\"elementor-icon\">\n\t\t\t\t<i aria-hidden=\"true\" class=\"fas fa-phone-alt\"><\/i>\t\t\t\t<\/span>\n\t\t\t<\/div>\n\t\t\t\n\t\t\t\t\t\t<div class=\"elementor-icon-box-content\">\n\n\t\t\t\t\n\t\t\t\t\t\t\t\t\t<p class=\"elementor-icon-box-description\">\n\t\t\t\t\t\t+226 70 32 30 87\t\t\t\t\t<\/p>\n\t\t\t\t\n\t\t\t<\/div>\n\t\t\t\n\t\t<\/div>\n\t\t\t\t\t\t<\/div>\n\t\t\t\t<\/div>\n\t\t\t\t<div class=\"elementor-element elementor-element-37b81a4 elementor-view-framed elementor-position-left elementor-vertical-align-middle elementor-widget__width-auto icon-box-left elementor-shape-circle elementor-mobile-position-top elementor-widget elementor-widget-icon-box\" data-id=\"37b81a4\" data-element_type=\"widget\" data-widget_type=\"icon-box.default\">\n\t\t\t\t<div class=\"elementor-widget-container\">\n\t\t\t\t\t\t\t<div class=\"elementor-icon-box-wrapper\">\n\n\t\t\t\t\t\t<div class=\"elementor-icon-box-icon\">\n\t\t\t\t<span  class=\"elementor-icon\">\n\t\t\t\t<i aria-hidden=\"true\" class=\"fas fa-phone-alt\"><\/i>\t\t\t\t<\/span>\n\t\t\t<\/div>\n\t\t\t\n\t\t\t\t\t\t<div class=\"elementor-icon-box-content\">\n\n\t\t\t\t\n\t\t\t\t\t\t\t\t\t<p class=\"elementor-icon-box-description\">\n\t\t\t\t\t\t+226 76 20 00 67\t\t\t\t\t<\/p>\n\t\t\t\t\n\t\t\t<\/div>\n\t\t\t\n\t\t<\/div>\n\t\t\t\t\t\t<\/div>\n\t\t\t\t<\/div>\n\t\t\t\t<\/div>\n\t\t\t\t<\/div>\n\t\t<div class=\"elementor-element elementor-element-535aef6 e-con-full e-flex e-con e-child\" data-id=\"535aef6\" data-element_type=\"container\">\n\t\t\t\t<div class=\"elementor-element elementor-element-bb03603 elementor-widget elementor-widget-image\" data-id=\"bb03603\" data-element_type=\"widget\" data-widget_type=\"image.default\">\n\t\t\t\t<div class=\"elementor-widget-container\">\n\t\t\t\t\t\t\t\t\t\t\t\t\t\t\t<img decoding=\"async\" width=\"768\" height=\"926\" src=\"https:\/\/wekre.org\/wp-content\/uploads\/2025\/02\/WhatsApp-Image-2025-02-28-at-13.53.13-768x926.jpeg\" class=\"attachment-medium_large size-medium_large wp-image-608\" alt=\"\" srcset=\"https:\/\/wekre.org\/wp-content\/uploads\/2025\/02\/WhatsApp-Image-2025-02-28-at-13.53.13-768x926.jpeg 768w, https:\/\/wekre.org\/wp-content\/uploads\/2025\/02\/WhatsApp-Image-2025-02-28-at-13.53.13-850x1024.jpeg 850w, https:\/\/wekre.org\/wp-content\/uploads\/2025\/02\/WhatsApp-Image-2025-02-28-at-13.53.13-600x723.jpeg 600w, https:\/\/wekre.org\/wp-content\/uploads\/2025\/02\/WhatsApp-Image-2025-02-28-at-13.53.13.jpeg 1062w\" sizes=\"(max-width: 768px) 100vw, 768px\" \/>\t\t\t\t\t\t\t\t\t\t\t\t\t\t\t<\/div>\n\t\t\t\t<\/div>\n\t\t\t\t<\/div>\n\t\t<div class=\"elementor-element elementor-element-f757eea e-con-full e-flex e-con e-child\" data-id=\"f757eea\" data-element_type=\"container\">\n\t\t\t\t<div class=\"elementor-element elementor-element-9382d2a elementor-widget elementor-widget-image\" data-id=\"9382d2a\" data-element_type=\"widget\" data-widget_type=\"image.default\">\n\t\t\t\t<div class=\"elementor-widget-container\">\n\t\t\t\t\t\t\t\t\t\t\t\t\t\t\t<img loading=\"lazy\" decoding=\"async\" width=\"1280\" height=\"853\" src=\"https:\/\/wekre.org\/wp-content\/uploads\/2025\/02\/WhatsApp-Image-2025-02-28-at-13.52.47.jpeg\" class=\"attachment-full size-full wp-image-607\" alt=\"\" srcset=\"https:\/\/wekre.org\/wp-content\/uploads\/2025\/02\/WhatsApp-Image-2025-02-28-at-13.52.47.jpeg 1280w, https:\/\/wekre.org\/wp-content\/uploads\/2025\/02\/WhatsApp-Image-2025-02-28-at-13.52.47-1024x682.jpeg 1024w, https:\/\/wekre.org\/wp-content\/uploads\/2025\/02\/WhatsApp-Image-2025-02-28-at-13.52.47-768x512.jpeg 768w, https:\/\/wekre.org\/wp-content\/uploads\/2025\/02\/WhatsApp-Image-2025-02-28-at-13.52.47-600x400.jpeg 600w\" sizes=\"(max-width: 1280px) 100vw, 1280px\" \/>\t\t\t\t\t\t\t\t\t\t\t\t\t\t\t<\/div>\n\t\t\t\t<\/div>\n\t\t\t\t<\/div>\n\t\t\t\t\t<\/div>\n\t\t\t\t<\/div>\n\t\t<div class=\"elementor-element elementor-element-5ff8fec e-flex e-con-boxed e-con e-parent\" data-id=\"5ff8fec\" data-element_type=\"container\">\n\t\t\t\t\t<div class=\"e-con-inner\">\n\t\t\t\t<div class=\"elementor-element elementor-element-5e34a54 elementor-widget elementor-widget-spacer\" data-id=\"5e34a54\" data-element_type=\"widget\" data-widget_type=\"spacer.default\">\n\t\t\t\t<div class=\"elementor-widget-container\">\n\t\t\t\t\t\t\t<div class=\"elementor-spacer\">\n\t\t\t<div class=\"elementor-spacer-inner\"><\/div>\n\t\t<\/div>\n\t\t\t\t\t\t<\/div>\n\t\t\t\t<\/div>\n\t\t\t\t\t<\/div>\n\t\t\t\t<\/div>\n\t\t\t\t<\/div>\n\t\t","protected":false},"excerpt":{"rendered":"<p>http:\/\/wekre.org\/wp-content\/uploads\/2025\/02\/WhatsApp-Video-2025-02-26-at-08.42.30.mp4 Foire Nationale Pomme de terre FONAPOMBF La Foire Nationale de la Pomme de Terre du Burkina Faso (FONAPOMBF 2025) est un \u00e9v\u00e9nement majeur d\u00e9di\u00e9 \u00e0 la promotion et \u00e0 [&hellip;]<\/p>\n","protected":false},"author":1,"featured_media":0,"parent":0,"menu_order":0,"comment_status":"closed","ping_status":"closed","template":"","meta":{"footnotes":""},"class_list":["post-444","page","type-page","status-publish","hentry"],"_links":{"self":[{"href":"https:\/\/wekre.org\/index.php?rest_route=\/wp\/v2\/pages\/444","targetHints":{"allow":["GET"]}}],"collection":[{"href":"https:\/\/wekre.org\/index.php?rest_route=\/wp\/v2\/pages"}],"about":[{"href":"https:\/\/wekre.org\/index.php?rest_route=\/wp\/v2\/types\/page"}],"author":[{"embeddable":true,"href":"https:\/\/wekre.org\/index.php?rest_route=\/wp\/v2\/users\/1"}],"replies":[{"embeddable":true,"href":"https:\/\/wekre.org\/index.php?rest_route=%2Fwp%2Fv2%2Fcomments&post=444"}],"version-history":[{"count":22,"href":"https:\/\/wekre.org\/index.php?rest_route=\/wp\/v2\/pages\/444\/revisions"}],"predecessor-version":[{"id":631,"href":"https:\/\/wekre.org\/index.php?rest_route=\/wp\/v2\/pages\/444\/revisions\/631"}],"wp:attachment":[{"href":"https:\/\/wekre.org\/index.php?rest_route=%2Fwp%2Fv2%2Fmedia&parent=444"}],"curies":[{"name":"wp","href":"https:\/\/api.w.org\/{rel}","templated":true}]}}